16 + -1). Let m be ((-1)/k)/((-9)/45). What is the greatest common factor of 4 and m?
1
Let n(o) = -5*o + 56. Let d be n(8). Suppose -d*p = -390 - 26. What is the highest common factor of 130 and p?
26
Let v be 4/7 - (-125)/(-35). Let g = 7 - v. What is the greatest common divisor of g and 5?
5
Suppose -17 = -6*n + 7. Suppose -w + s + n + 0 = 0, -w - 3*s = -20. What is the greatest common factor of 2 and w?
2
Let f(t) = -t**3 + 6*t**2 - 2*t + 4. Let u be f(4). Let z be (-104)/(-7) - 342/399. What is the highest common divisor of u and z?
14
Suppose 4*j - n = -2 + 22, 25 = 5*j - 3*n. Suppose j*g + 80 = 3*u + 2*u, 4*u - 82 = -5*g. What is the greatest common factor of 126 and u?
18
Let n(p) = p**3 - 7*p**2 + 3*p - 5. Let x be n(6). Let a = x + 65. Calculate the highest common factor of a and 6.
6
Let t be ((-52)/9)/((-32)/144). What is the highest common divisor of t and 494?
26
Let n = -28 - -28. Suppose n = -3*k + 5*z + 62, 14 + 1 = k + 4*z. Calculate the highest common factor of 38 and k.
19
Suppose 5398 = 11*j - 11311. Calculate the greatest common divisor of 98 and j.
49
Let m(w) = -179*w - 217. Let k be m(-3). Calculate the greatest common factor of k and 20.
20
Let x be 80/24 - (-7)/((-84)/(-20)). Suppose 5 = -2*m - 1. Let z = -2 - m. What is the greatest common divisor of z and x?
1
Let l be 1120/(-168)*(-57)/4. What is the highest common factor of 57 and l?
19
Suppose 5*i = 3*i + 6, 2*i + 96 = 3*y. Let c = y + -22. What is the greatest common factor of c and 84?
12
Let y(c) = 2*c - 23. Let z be (-12)/4 - 3/((-9)/48). Let b be y(z). What is the highest common factor of b and 9?
3
Let g = -320 + 120. Let b = -107 - g. Let y = b - 58. Calculate the highest common divisor of 7 and y.
7
Suppose -3*z - 861 = -2103. Calculate the highest common divisor of z and 54.
18
Suppose -2*v = -7 + 1. Suppose -2*j = -y - 175, 0*j - j = -v*y - 85. Calculate the highest common factor of j and 11.
11
Let n(c) = 22*c**3 - 7*c + 7. Let x be n(1). Calculate the greatest common divisor of x and 176.
22
Let j = -8 + 9. Let l be (3 - -2)*j + -2. Let n be 51/l*(-5 + 7). What is the highest common divisor of n and 85?
17
Suppose 3*n + 27 = 4*l - 4, -4*n = l - 22. Suppose -5*t + q = -407, 9*t + 334 = 13*t - 2*q. What is the highest common divisor of l and t?
10
Let f(m) = 16*m - 67. Let c be f(7). Calculate the greatest common factor of 18 and c.
9
Let z be (-8)/24*-18 + 210. What is the highest common divisor of 48 and z?
24
Let g(x) = x - 1. Let v(t) = -7*t + 2. Let w(l) = -2*g(l) - v(l). Let p be w(2). Suppose -4*o = -2 - p. What is the greatest common divisor of o and 27?
3
Let a(g) = 5*g**2 + 2*g - 22. Let u(l) = -3*l**2 - l + 10. Let f(s) = -2*a(s) - 5*u(s). Let r be f(2). What is the highest common divisor of 2 and r?
2
Let u = 294 + -188. Suppose -u = -5*p - c - c, 85 = 5*p - 5*c. Suppose 18*s = p*s - 272. Calculate the greatest common factor of s and 34.
34
Suppose -l = -15 - 5. Suppose 0 = -5*x - l, -5*x = 3*i - i - 148. Calculate the highest common divisor of i and 12.
12
Let y be 178*(-3 + (-51)/(-6)) + 1. Calculate the greatest common divisor of 60 and y.
20
Suppose f + 6 = 5*l + 28, 3*f = -3*l - 6. Let y(j) = 2*j**2 + 6*j + 4. Let r be y(l). What is the greatest common divisor of 8 and r?
4
Let u = -240 + 1180. Calculate the highest common divisor of u and 94.
94
Suppose 2*a - 7 = 7. Suppose -2*y + 5*y = -t - a, -5*y = 2*t + 11. Suppose 1 = -t*h + 41. What is the highest common factor of 30 and h?
10
Let z = 925 + -517. Suppose 0 = 7*f - f - z. Calculate the greatest common factor of 17 and f.
17
Suppose 4*w + 4 = -37*z + 40*z, 0 = -4*z + 5*w + 7. Calculate the greatest common factor of z and 40.
8
Suppose 16*w - 80 = 21*w. Suppose 5*l = 25, 3*l + 33 = -5*n + 188. Let y be (n/1)/(18 + w). Calculate the highest common divisor of y and 126.
14
Let j(m) = m**2 - 2*m - 54. Let k be j(-8). What is the greatest common divisor of 208 and k?
26
Let s be (-665)/(-15) - 1/3. Suppose 5*k = -3*i + 40, -k - 5*i = -10*i - 36. What is the highest common divisor of k and s?
11
Let o = -190 + 502. Calculate the highest common factor of o and 104.
104
Let w(t) = 20*t. Let a = -66 + 72. Let r be w(a). What is the greatest common factor of 15 and r?
15
Let y(d) = d**2 + 10*d + 12. Let h be y(-11). Let c = h - 5. Calculate the highest common factor of c and 3.
3
Suppose 343 - 369 = -y. Calculate the greatest common divisor of y and 1274.
26
Let b(z) = 27*z - 37. Let f(l) = 41*l - 55. Let q(c) = 8*b(c) - 5*f(c). Let t be q(6). Calculate the highest common divisor of 9 and t.
9
Let m = 35 - 29. Suppose -m*l = -4*l. Suppose l = 5*x - 30 - 105. What is the greatest common factor of x and 297?
27
Suppose -4*i + 40 = -2*i. What is the greatest common divisor of i and 110?
10
Let k = -476 - -2264. What is the greatest common factor of 12 and k?
12
Let f = -920 - -959. What is the greatest common factor of f and 143?
13
Suppose 48 = 2*k - 4*z, -4*z = -5*k + 58 + 32. Suppose 3*m + 3*f = 192, -m + 72 = 4*f + k. Calculate the greatest common factor of m and 44.
22
Let w be (-6)/((-15)/21 + (-28)/98). Calculate the highest common divisor of w and 210.
6
Let o be 120*((-5)/10*3 + 2). What is the greatest common factor of 540 and o?
60
Suppose 0 = -2*z, 3*v - 8*z = -6*z + 1533. Let b = -295 + v. Calculate the highest common factor of 18 and b.
18
Suppose -2 - 5 = 7*t. Let h be (4/(-1) + -36)*t. Let j(y) = -y**3 - 3*y**2 + 2*y + 2. Let p be j(-4). What is the highest common divisor of p and h?
10
Suppose 1124*c = 1131*c + 252. Let k be ((-5)/(-2))/(2/(-12)). Let h be 40/6*c/k. Calculate the greatest common divisor of h and 4.
4
Let f(q) = q + 14. Suppose -3*z - 83 = 5*l, -4*l + 7 = -z + 70. Let a = -23 - l. Let i be f(a). Calculate the highest common factor of i and 7.
7
Suppose -2*z + 19 = -5*m, -5*m = 5*z - 0*m + 5. Suppose 5*r - z*r + 3 = 0. Let q = r + 8. What is the greatest common factor of q and 35?
7
Suppose 49 = 4*q - w, -2*w - 56 = -5*q + 6. Let m = -131 + 227. What is the greatest common divisor of q and m?
12
Let w(t) = 2*t - 2. Let y be w(1). Suppose -4*q = -4*d - 324, q - 5*q + 2*d + 330 = y. Calculate the highest common factor of q and 210.
42
Let o(v) = -2*v - 5. Let z be o(-4). Let a(h) = 1 + 0 - z + 4 - 2*h. Let j be a(-11). Calculate the greatest common factor of 144 and j.
24
Let o(t) = t**3 + 6*t**2 - 7*t - 14. Let q be (4 - 5)*1*6. Let r be o(q). What is the greatest common divisor of r and 14?
14
Suppose 8*i - 75 = 3*i. Suppose 5 = 5*z - i. Suppose 5*a - 15 = 0, p + 186 = 6*p + 2*a. Calculate the greatest common factor of p and z.
4
Suppose 5*a + 26 = 4*d, -5*a - 5 - 5 = 0. Suppose -d*n + 362 + 518 = 0. Calculate the highest common factor of 20 and n.
20
Let x = 29 + 10. Let b be 208/(-12)*6/(-4). Calculate the highest common divisor of x and b.
13
Suppose 5*n = -20*n + 9450. What is the highest common divisor of n and 56?
14
Let h(c) be the third derivative of 13*c**5/60 + c**4/6 - c**3/2 + 4*c**2. Let z be h(-3). Calculate the greatest common factor of 17 and z.
17
Suppose -2*l = -3*w - 5 - 1, 2*l + 3*w = -6. Suppose l = 5*d - 13 + 8. Calculate the greatest common divisor of d and 8.
1
Let d = -77 + 79. Suppose 3*r = 11 - d. What is the greatest common factor of 3 and r?
3
Let d = 418 - 299. What is the highest common divisor of d and 28?
7
Suppose 0 = -3*g - 3*o + 5*o + 81, -4*g = -4*o - 108. Let d be -4 + 1 + -1 + 7. What is the greatest common factor of g and d?
3
Suppose z + 3*z + 32 = g, 0 = g + 5*z + 4. Suppose -2*w = 3*a + 77 - 277, 2*a + w - 132 = 0. What is the greatest common factor of a and g?
16
Suppose -14*u + 47554 = 12*u. What is the greatest common factor of u and 59?
59
Let q be -6*(1 - (-16)/(-6)). Suppose -6*b = -q*b + 56. Calculate the highest common factor of b and 112.
14
Suppose -4*h + f = -3*f, 0 = h - 3*f + 6. Suppose 3*g + 0*g - 5*m - 202 = 0, 250 = 4*g + h*m. Calculate the highest common divisor of g and 8.
8
Suppose -2*g = -g + 10. Let c be ((-184)/g)/(296/40 + -7). What is the greatest common divisor of c and 92?
46
Let s(r) = -304*r**3 + 6*r**2 + 14*r + 21. Let b be s(-2). Calculate the highest common factor of 31 and b.
31
Let n be -66*(-6)/(-8)*-2. Suppose -c - 6 = -14. Suppose -3*s - c = -41. What is the highest common diviso